 divided by (k - (-66)/15) + 116/10.
9
Let q = -220 - -490. Suppose -v + q = 17*v. What is the remainder when 27 is divided by v?
12
Let z = -1402 - -1471. Calculate the remainder when 1514 is divided by z.
65
Suppose 0 = -278*b + 272*b + 1710 - 258. Calculate the remainder when b is divided by 37.
20
Let i(r) = r**3 - 4*r**2 - 9*r - 19. Let g be i(6). Calculate the remainder when 154 is divided by 20/(-11 - -6)*g.
2
Let a = 5383 - 5291. Calculate the remainder when a is divided by 74.
18
Let q = -2624 + 2661. Calculate the remainder when 6916 is divided by q.
34
Let p = 59 - 40. Let d(g) = -188*g - 11380. What is the remainder when d(-61) is divided by p?
12
Suppose 0 = 53*c - 22*c + 52*c - 71297. What is the remainder when c is divided by 144?
139
Let d = -19630 - -19708. What is the remainder when 1879 is divided by d?
7
Let c = 29 - 28. What is the remainder when 114 is divided by -4 + c + 48 - (2 - -3)?
34
Let f(o) be the second derivative of -2*o**3/3 + 93*o**2/2 - 9*o. Calculate the remainder when f(-8) is divided by 66.
59
Suppose 0 = g - 3*i + 16, -4*g - 5*i + 12 = -5*g. Calculate the remainder when ((-385)/g)/(3/54) is divided by 79.
78
Let g(f) = 97*f - 824. Let d be g(10). Suppose -25*b = -23*b - d. Suppose 0 = 5*c - 5*k - 105, -5*k + 20 = -0*k. Calculate the remainder when b is divided by c.
23
Let m(d) = -d**2 - 18*d + 93. Let i be m(-18). Let n = 104 - i. What is the remainder when 11 is divided by n?
0
Suppose -9809 = -6496*n + 295503. What is the remainder when (-1)/1 + 13*10 is divided by n?
35
Let x = 82 + -80. Suppose -5*j + x*b + 12 = -j, 0 = j - 2*b - 6. What is the remainder when 68 is divided by -3 - (j + -14 - 0)?
5
Suppose -6*j + 51 = 33. Suppose -8*u = -j*u - 4*k - 55, 4*u - 5*k = 35. Calculate the remainder when 80 is divided by u.
5
Let z be (-2 - (-1 + -73))/(4/(-4)). Let w = z - -89. Let d = 8 - 1. Calculate the remainder when w is divided by d.
3
Suppose f + 407*v = 408*v + 90, v = 3. What is the remainder when f is divided by 5?
3
What is the remainder when 1251 is divided by (376/32 - 5 - 6)*(45 + -1)?
30
What is the remainder when 93 is divided by (105/45 - 4/(-6)) + 15 + -4?
9
Suppose 3*h + 0*m = 5*m + 22, -3*m = -3*h + 30. Let k = 6 - 117. What is the remainder when (1 + k/1)*(0 + -1) is divided by h?
12
Suppose -2*q + 272 = 2*q. Let p(g) = 27*g - 17. Let u be p(5). Suppose 26 + u = 6*v. What is the remainder when q is divided by v?
20
Let m(q) = -4*q + 33. Let d be m(7). Suppose -i = d*l - 17, 0 = 5*i - 2*i - 4*l + 6. Suppose -42 = i*k - 5*k. What is the remainder when 22 is divided by k?
8
Suppose -8*n = 93 - 13. Calculate the remainder when 83 is divided by 1/(1458/(-3870) - 4/n).
40
Let k(v) = -v**3 + v**2 - v + 4. What is the remainder when 3/7 + (-82485)/(-234)*4/42 is divided by k(0)?
2
Let q(c) = -70*c + 505. Calculate the remainder when q(7) is divided by (12/(-10))/(7/(-35)).
3
Let m(g) = g**2 + 31*g + 139. Let j = -157 - -192. Calculate the remainder when j is divided by m(-27).
4
Let d = 2576 + -2373. What is the remainder when d is divided by 105?
98
Let c(b) = -12*b - 9. Calculate the remainder when (-1779)/(-11) + 30/110 is divided by c(-2).
12
What is the remainder when 806 is divided by (-5247)/(-33) + (0 - (-4 + 1))?
158
What is the remainder when 2301/6 + 4/8*-1 is divided by 4?
3
Let r = -4 - -14. Suppose r*b + 4*g - 74 = 5*b, -3*g - 12 = 0. Let y = 13 - -56. Calculate the remainder when y is divided by b.
15
What is the remainder when -3 + 8 + (762 - 11) is divided by 153?
144
Let p = 759 + -39. Suppose -7*v + 47*v - p = 0. Calculate the remainder when 64 is divided by v.
10
Suppose -5*c + 1011 + 1734 = 0. Calculate the remainder when c is divided by -161*67/((-8911)/57).
66
Let z be ((-4)/6)/(2/(-138)). Suppose -3*w + z = -23. Suppose -252*a + 1177 = -3 - 1088. What is the remainder when w is divided by a?
5
Let a(w) = 139*w - 3316. Suppose c + 3*s = -3*c + 530, -3*s = 5*c - 661. What is the remainder when c is divided by a(24)?
11
Let b = 36 - 6. What is the remainder when 84 - ((-8)/(-16) - 9/6) is divided by b?
25
Let r(u) = 25*u**2 - 3*u + 1. Calculate the remainder when r(2) is divided by ((-54)/(-12) + -5)*-14.
4
Let t(k) = k**2 - 2*k + 55. Suppose -2*o - 532 = -4*g, 241 = -5*o - 5*g - 1059. What is the remainder when t(0) is divided by (11 + -5)/36 + o/(-12)?
11
Let o(j) = 10*j**2 + 17*j + 51. Calculate the remainder when 3959 is divided by o(-3).
89
Suppose y + 5*l + 14 = 0, 2*y + 2*l + 8 = 4*y. Let h be y/6 + (-287)/(-6). Suppose -8*v + h = -16. What is the remainder when 45 is divided by v?
5
Let q(z) = 419*z - 242. What is the remainder when q(1) is divided by 36?
33
Let n(u) = -u**2 - 15*u + 29. Suppose -22 - 754 = -4*t. Calculate the remainder when t is divided by n(-16).
12
Let s(h) = 10*h + 26. Let f be s(-3). Let y be f + 1 - (-4 + -11). What is the remainder when 76 is divided by (-15)/y + (-366)/(-24)?
6
Let r(p) = -p**3 + 12*p**2 - 30*p + 31. Suppose -2*g - 5*b + 843 = 0, -268*g - 424 = -269*g - 5*b. Calculate the remainder when g is divided by r(9).
3
Let m be ((-4)/4)/((-3)/15). Suppose 124 = 2*x - 3*h, 0 = -4*x - m*h + 86 + 140. What is the remainder when x is divided by 9?
5
Let p = 31 + -28. Suppose -p*r + 165 + 45 = 0. Calculate the remainder when 209 is divided by r.
69
Suppose -14203 = -19*f - 5368. What is the remainder when -6*(-4)/16 + f/6 is divided by 28?
23
Let h(n) = 51*n + 235. Let q(w) be the first derivative of -w**4/4 - 3*w - 3. What is the remainder when q(-4) is divided by h(-4)?
30
Let j = 11 + 27. Suppose -36*g + 48 = -30*g. Calculate the remainder when j is divided by g.
6
Suppose 2*u = 5*u - 60. Let s(l) = 14*l - 35. Let i be 3 + -8 + 11 - -2. Calculate the remainder when s(i) is divided by u.
17
Let f = 3597 + -2015. What is the remainder when f is divided by 72?
70
Let u = -8 + -31. Let a = u - -27. Calculate the remainder when -5*a/140 + 862/14 is divided by 21.
20
Let y = -140 - -176. Calculate the remainder when 1484/y + 1 + 4/(-18) is divided by 36.
6
Let c = 65 + -40. Let t = c - 105. What is the remainder when t/(-6) - 22/66 is divided by 8?
5
Let g(x) = 57*x**3 - 5*x**2 + 7*x - 1. What is the remainder when g(4) is divided by 11?
9
Suppose -95*s + 105*s + 20510 - 82660 = 0. Calculate the remainder when s is divided by 37.
36
Let s(r) = -6*r**3 - 30*r**2 + 32*r + 25. Calculate the remainder when 337 is divided by s(-6).
43
Suppose -38 = 3*l - 194. Calculate the remainder when 4 - (-4257)/12 - 36/(-16) is divided by l.
49
Let x(u) = -19*u - 268. Let s be x(-14). Calculate the remainder when 45 is divided by (7/(14/(-32)))/s.
5
Let v(y) = -2*y**2 - 6*y - 8. Let u be v(-2). Suppose 0 = -4*j + 103 + 17. What is the remainder when (-290)/u*12/10 is divided by j?
27
Suppose -14 - 13 = 3*t. Calculate the remainder when 3/(t/(-21))*41 is divided by 58.
55
Let g = -399 - -526. Suppose 5*q - 3*i - g = -4*i, 5*i - 110 = -4*q. What is the remainder when 49 is divided by q?
24
Let m(x) = 83*x**2 - 6*x + 9. Let g be m(3). Suppose 24*z + g = 33*z. Calculate the remainder when 241 is divided by z.
77
Suppose -59178*z = -59156*z - 594. What is the remainder when ((-1712)/10)/(-4)*5 is divided by z?
25
Let c be (5/(-10))/(2/(-16)). Suppose c*s = 157 + 911. Suppose 0 = 3*a - 2*q - s, 3*a + a + q = 367. Calculate the remainder when a is divided by 31.
29
Let v = -24113 - -24150. What is the remainder when 559 is divided by v?
4
Let n(u) = -67*u - 122. Let g be n(-5). Suppose -3*a - 9*m + 14*m + g = 0, 0 = a + 4*m - 54. What is the remainder when a is divided by 14?
10
Let w(b) = -10*b + 63. Let z(m) = m**3 + 19*m**2 - 44*m - 38. Let p be z(-21). Calculate the remainder when 54 is divided by w(p).
8
Suppose -18209 - 8804 = -239*d + 8120. Calculate the remainder when d is divided by 4.
3
Let f = -658 + 720. Let m = -42 + f. Calculate the remainder when m is divided by ((-1)/(-2))/(2/24).
2
Let z(n) = 37*n**2 - 2*n - 1. Let f = 40179 - 40168. Calculate the remainder when z(-1) is divided by f.
5
Suppose 0 = -y - h + 24, -h = -4*y + 3*h + 64. Let u = 17 - -28. Calculate the remainder when u is divided by (-5 - -1)/((-8)/y).
5
Suppose 5*c - 299 - 77 = 294. Calculate the remainder when 1468 is divided by c.
128
Let p = 1212 - 1189. What is the remainder w